se 5*i = -10, 4*i + 2 = 2*a - 5*a. Is ((-11955)/30)/(a/(-4)) composite?
False
Let h(q) = 55*q**2 + q + 21. Let p = 32 + -47. Is h(p) a composite number?
True
Let x be 36398/7 + (-6)/(-21). Suppose 6*c - 1220 = x. Suppose -c = -3*q + y, 3*q + 2*q = y + 1786. Is q a composite number?
True
Suppose 19*t - 8552 + 762 = 0. Let w = t + 221. Is w composite?
False
Let v(y) = 15*y**2 + 30*y**3 + 17*y - 29*y**3 + 6 + 9*y**2 - 2 - 1. Is v(-13) a composite number?
True
Is (-4 - 381954)*((-39)/6)/13 a prime number?
True
Suppose 2*f + 30 = 8*f. Suppose f*x + 20184 = -626. Let b = 7515 + x. Is b a prime number?
False
Let h be 2/8*(55 + -51). Is ((-14366)/44)/(h/(-94)) a prime number?
False
Let x = 110 - 111. Let r(c) = -14*c + 1. Let z be r(x). Is ((-6)/4)/(1/((-40910)/z)) prime?
True
Suppose 4*w + 5*g = 365, 2*g - 180 = -2*w - 0*g. Let a be 130356/w - (0 + (-2)/5). Suppose -8*s + a = -6*s. Is s a prime number?
False
Suppose 0 = 11*w - 3*w - 21608. Suppose -2*g + w = 263. Is g a composite number?
True
Let x(y) = -518*y**3 - 123*y**2 - 5*y + 3. Is x(-10) prime?
False
Suppose 9*f + 3119 = 27932. Is f prime?
False
Is (14 - (-267172 + -7))/1 composite?
False
Is 1*21691274/88*4 a composite number?
True
Suppose 5*c = 3*b - 42615, 0 = 7*c - 6*c + 3. Suppose a - 7088 = 5*o, 2*a - 2*o - b = -0*o. Is a a prime number?
True
Let r = -205136 - -322535. Is r a composite number?
True
Let c = -16791 + 9028. Let o = 7490 - c. Is o a prime number?
False
Let p be ((-3)/(-4))/(3/11388). Let s = -1334 + p. Is s a prime number?
False
Let m = 665984 - 40441. Is m a prime number?
True
Suppose -b - 6 = -z, -4*b - 8 = -2*z + 10. Let j = 2732 + b. Is j a prime number?
True
Let c(i) = 373*i**2 + 19*i - 55. Is c(9) composite?
True
Let m(g) = -11*g - 1. Let z be m(1). Let f be -3*(400/z)/(-5). Is (-11253)/(-9) - f/(-15) prime?
True
Let k(d) be the second derivative of 7*d**4/12 - 21*d**2 + 3*d - 4. Is k(-17) a prime number?
False
Let q(g) = g**3 + 184*g + 37691. Is q(0) prime?
True
Let p(w) = 5*w + 99. Let d be p(-18). Let s(k) = -k**3 + 9*k**2 + 11*k - 10. Is s(d) a prime number?
True
Let i be (-3)/(-8)*66/9*4. Let p = -31 + i. Is (2463 + 0)*p/(-12) a composite number?
True
Suppose 0 = 21*p + 115756 - 1614463. Is p composite?
True
Let h(g) = -3*g + 25. Let z be h(10). Let c(q) = q**2 + 5*q + 3. Let p be c(z). Suppose 8*o = -p*m + 3*o + 1639, o + 2216 = 4*m. Is m a prime number?
False
Suppose -47 = -36*z + 61. Suppose -z*o - 5*n + 7385 = 0, 2*n - 4 = n. Is o a composite number?
True
Let a be (2 + 30/(-9))*-3. Suppose a*w + 14 = d + 2*w, -d - 3*w = -24. Is (-57)/d + 3 - (-2289)/18 composite?
False
Let d = -22 + 24. Suppose -u + d*w = -619, 1813 = 3*u + w + 4*w. Let t = u + -100. Is t prime?
False
Suppose 5*s + 8*s = 65. Suppose -2406 - 1859 = -s*f. Is f a composite number?
False
Let i be 2/2*226*6. Let b(r) = -r**2 + 32*r + 73. Let n be b(34). Suppose -81 = 5*u - n*o - i, 4 = o. Is u composite?
True
Suppose 0 = -11*d + 37*d - 10277098. Is d prime?
True
Suppose 106*a = 42*a - 6565632. Is a/(-20) - 1 - (-12)/20 a composite number?
True
Let z(u) = 9362*u**2 - 2*u - 11. Is z(-2) composite?
False
Let g(o) = 2*o**2 + 15*o + 18. Let b be g(-7). Is (b - 476530/20)/(3/(-2)) a composite number?
False
Suppose -m + 6 = 2*n, -m - 33 = m - 5*n. Let g be (-3)/(6/m) + (0 - -589). Let c = -94 + g. Is c a composite number?
True
Let d(g) = 21*g**2 + 66 + 4*g**3 - 12 + 6 - 14 - 17*g - 5. Is d(10) a prime number?
False
Is (-185629776)/(-1104) + (-20)/(-230) prime?
True
Let k = 2262 - 997. Suppose 0 = -2*t + k + 625. Suppose -5*o - 2*f = -0*f - 1587, 3*o - t = -3*f. Is o composite?
True
Is 702280/32 + (-1)/16*4 composite?
True
Let x be 4/3*(-1 - -4). Suppose 0 = x*h - 61 - 559. Is h a composite number?
True
Let u(j) be the first derivative of 311*j**3/3 - 7*j**2/2 - 5*j - 53. Is u(-3) composite?
True
Let d(h) = -h**2 + 25*h - 109. Let z be d(6). Suppose q = z*y - 612 - 2686, -3*y + 1968 = 3*q. Is y prime?
True
Suppose -o - 4*b = -7, 0 = -6*o + 2*o - 3*b + 15. Suppose 7*t - 140 = o*t. Suppose -3*k = -5*f + 3457, 3*k + t = -5*f + 3468. Is f a composite number?
True
Let m = -253 - -258. Is -3 + 2 + m + 3089 prime?
False
Suppose -2*r - 3*a = r + 486, -5*r + 3*a = 770. Let i = r + 178. Is i a composite number?
True
Let h = 205281 + -109438. Is h a prime number?
False
Suppose 0 = -11*c + 1244 + 1088. Suppose 5*o = -27 + c. Is o prime?
True
Let n = -517 - -1472. Suppose -3*d - 6*d = -d. Suppose -p - b + 3*b + n = d, p + 5*b = 955. Is p composite?
True
Suppose -14*f - 11*f - 163200 = 0. Let z = 9389 + f. Is z a prime number?
True
Suppose -3*l - 4 = -13. Suppose 0 = -5*u + 2*n + l*n + 5, 0 = 2*u + 5*n + 12. Is u + 16*5 + (-4)/2 prime?
False
Suppose 25 = 5*r, -4*j + 76*r - 79*r + 157723 = 0. Is j a prime number?
False
Let f(i) = -49699*i - 4. Is f(-2) a composite number?
True
Let t be (-13472)/(-2)*(4 - 14/4). Suppose -v = -1013 - t. Is v a composite number?
True
Let n(t) = 1048*t**2 + 18*t + 157. Is n(-7) prime?
True
Let l(m) be the third derivative of -m**4/12 - 4*m**3 + m**2. Let g be l(-13). Suppose -2*b - b - 137 = -2*r, 5*r - g*b = 337. Is r a composite number?
False
Suppose -13*z + 0*z - 39 = 0. Is (2 + (-21)/9)/(z/9621) a composite number?
False
Let h(a) = a**2 - 9*a - 31. Let u be h(12). Suppose 30098 = u*d + 2353. Is d a prime number?
False
Let i(b) be the first derivative of -b**4/4 - 7*b**3/3 + 33*b**2/2 - 10*b + 22. Let g be i(-10). Is (-3)/15 + (-5088)/g a composite number?
False
Let o(f) = 2*f**2 + 37*f + 391157. Is o(0) prime?
False
Let m(u) = u**2 + 8*u - 31. Suppose -5*i = 5*p - 155, 0 = -5*i + 5*p + 188 - 3. Suppose -3*z - i = 8. Is m(z) a prime number?
True
Let s = -10343 - -5707. Let l = s + 6763. Is l a composite number?
True
Let t = -446 + 447. Let a(u) = 17*u - 2. Is a(t) a prime number?
False
Let z = 14 + -11. Let a be (z/(-6) - 1)*-2. Is (-401)/(0 + -1)*15/a a composite number?
True
Suppose 2*k + 0*p + 2*p = 58, -3*p = -15. Is ((-36692)/6)/(2 - k/9) a composite number?
False
Suppose -4*j + 192832 = 4*k, -20*k + 25*k - 2*j - 241019 = 0. Suppose -10*a + 180315 = k. Is a prime?
False
Suppose 5724345 + 1324322 = 71*q - 0*q. Is q a composite number?
False
Let q(k) = -28*k**2 - 9*k + 42. Let t(w) = -2*w**2 + w - 1. Let b(a) = -q(a) + 3*t(a). Is b(16) a prime number?
True
Let b = 389 + -374. Suppose -b*m - 42876 = -205491. Is m a composite number?
True
Let t = 235 - 238. Let q(v) = -407*v + 2. Is q(t) a composite number?
False
Suppose -134*z + 148*z - 523586 = 0. Is z prime?
False
Let j(l) = -l**3 - l**2 - l + 4884. Let h be j(0). Suppose 4*z = 2*v - 3200, 3*z + 1663 = -2*v + h. Suppose 0 = 2*i - 4*i + v. Is i a prime number?
False
Suppose -3*h = 4*i - 42300, 20535 + 7676 = 2*h - i. Suppose 3*v + 5*r = h, -1910 = -v + r + 2794. Is v prime?
True
Suppose -15*j = 333 + 87. Is (33332/91)/((-8)/j) prime?
False
Let j = 372 + -346. Is 16658 + 4 + (j - 17) prime?
False
Suppose 20*j = 25*j - 5. Suppose -3*l + 26 = 4*w - j, 0 = -2*w + 2*l + 10. Suppose 2*c = p - 1659, 4*c + 8271 = w*p - p. Is p a composite number?
True
Let y(o) = 37*o**3 + 9*o**2 - 5*o + 20. Let s(c) = c**2 - 2*c + 1. Let k(h) = -5*s(h) + y(h). Is k(7) a prime number?
False
Is 4/(-6)*9819054/(-84) composite?
False
Let s(p) = 83*p**2 - 7*p + 12. Let r be s(7). Suppose 4*j + 2*q - 23 - 13 = 0, 4*j + 3*q = 32. Suppose u = j*u - r. Is u prime?
False
Suppose 2*l - t - 13 = 0, 3*t + 28 = 4*l - t. Suppose -8*a + 2 + l = 0. Is ((-2)/(-2))/(a/923*1) a prime number?
False
Suppose -8*j - 3979 = 9005. Is (4/6*j)/(-2) a prime number?
True
Let o be 8/40 + 1/(-5). Is (o - 1)/(7/(-25613)) prime?
True
Let a be (0 - 0)/7 + 4. Suppose 0 = 4*f - 3*o - 9640, 2*f = -a*o + o + 4838. Is f a composite number?
True
Let r be ((-1 - 3) + -25 + 29)*-1. Suppose 5*m - 13834 = -l, r = -m - l + 4*l + 2770. Is m a composite number?
False
Suppose 1183 = u + 5*r, -5*r = -12*u + 11*u + 1143. Suppose -v - 6576 = -5*v. Let n = v - u. Is n composite?
True
Let z(m) = 14*m - 105. Let a(p) = 54 + 44 - 77 - 3*p. Let y(l) = 11*a(l) + 2*z(l). Is y(-10) a composite number?
False
Suppose 0 = -4*l - 3*j + 6, 4*l - 2*j - 11 = 5. Suppose -7*t - 3*k = -3*t - 9, -k = 4*t - l. Suppose -x + 848 = 3*i, -i + 5*i + 4 = t. Is x composite?
True
Suppose 60 = 3*o + 7*o. Suppose -o = -q - q - 4*i, -3*q